lculate the remainder when 466505 is divided by 19423.
353
Calculate the remainder when 91470 is divided by 1442.
624
What is the remainder when 9869205 is divided by 30745?
60
Calculate the remainder when 77108 is divided by 25582.
362
What is the remainder when 23559829 is divided by 867?
838
Calculate the remainder when 676128 is divided by 337686.
756
What is the remainder when 3903778 is divided by 131?
109
What is the remainder when 293649 is divided by 168?
153
Calculate the remainder when 449667 is divided by 2280.
507
What is the remainder when 7856423 is divided by 2469?
65
What is the remainder when 322933 is divided by 16139?
153
Calculate the remainder when 4062097 is divided by 455.
312
What is the remainder when 486542 is divided by 264?
254
What is the remainder when 2494803 is divided by 1034?
795
What is the remainder when 6733699 is divided by 1683423?
7
What is the remainder when 4491224 is divided by 2947?
2943
Calculate the remainder when 23492 is divided by 22195.
1297
What is the remainder when 258226 is divided by 22979?
5457
What is the remainder when 1890729 is divided by 113?
13
Calculate the remainder when 128737 is divided by 82.
79
What is the remainder when 1264378 is divided by 247?
232
What is the remainder when 39505458 is divided by 23?
14
What is the remainder when 259934 is divided by 129883?
168
What is the remainder when 1041210 is divided by 1354?
1338
Calculate the remainder when 1379920 is divided by 271.
259
Calculate the remainder when 23689 is divided by 4.
1
What is the remainder when 132813 is divided by 296?
205
What is the remainder when 9956 is divided by 2367?
488
Calculate the remainder when 278927 is divided by 39823.
166
Calculate the remainder when 354313 is divided by 9.
1
Calculate the remainder when 113384 is divided by 55593.
2198
Calculate the remainder when 24810 is divided by 7428.
2526
What is the remainder when 5747 is divided by 2777?
193
Calculate the remainder when 10249 is divided by 4675.
899
What is the remainder when 26676358 is divided by 19?
16
Calculate the remainder when 1617101 is divided by 43705.
16
Calculate the remainder when 8732 is divided by 7399.
1333
What is the remainder when 21820512 is divided by 21820478?
34
What is the remainder when 236360 is divided by 78499?
863
Calculate the remainder when 3660421 is divided by 1065.
16
Calculate the remainder when 45484557 is divided by 1169.
1105
Calculate the remainder when 201740 is divided by 13438.
170
What is the remainder when 689347 is divided by 229774?
25
Calculate the remainder when 4163 is divided by 3435.
728
Calculate the remainder when 855183 is divided by 673.
473
What is the remainder when 9781347 is divided by 5615?
17
What is the remainder when 9941184 is divided by 134?
126
What is the remainder when 7015416 is divided by 2225?
2216
What is the remainder when 169114 is divided by 1876?
274
What is the remainder when 2526941 is divided by 273?
53
What is the remainder when 1024883 is divided by 85405?
23
Calculate the remainder when 4528796 is divided by 340.
336
Calculate the remainder when 3434815 is divided by 2216.
15
What is the remainder when 38786886 is divided by 528?
6
What is the remainder when 6962019 is divided by 3481007?
5
What is the remainder when 584934 is divided by 1863?
1815
What is the remainder when 19334324 is divided by 61771?
1
Calculate the remainder when 6349074 is divided by 18896.
18
What is the remainder when 13987353 is divided by 13987353?
0
Calculate the remainder when 1147152979 is divided by 2473.
2469
Calculate the remainder when 1986926 is divided by 100.
26
Calculate the remainder when 20894499 is divided by 21.
3
What is the remainder when 1090011 is divided by 4823?
13
What is the remainder when 5029915 is divided by 30?
25
Calculate the remainder when 11757235 is divided by 446.
229
Calculate the remainder when 88939 is divided by 12432.
1915
Calculate the remainder when 290529 is divided by 1509.
801
Calculate the remainder when 14003450 is divided by 636520.
10
Calculate the remainder when 15168986 is divided by 65952.
26
What is the remainder when 4645654 is divided by 115?
114
Calculate the remainder when 36679 is divided by 3699.
3388
Calculate the remainder when 2786646 is divided by 242.
16
Calculate the remainder when 387787 is divided by 64625.
37
What is the remainder when 223238 is divided by 222875?
363
What is the remainder when 641291 is divided by 1827?
14
Calculate the remainder when 427997 is divided by 42798.
17
What is the remainder when 3169922 is divided by 5571?
23
Calculate the remainder when 475424 is divided by 662.
108
What is the remainder when 1112625 is divided by 185266?
1029
Calculate the remainder when 412139 is divided by 22893.
65
Calculate the remainder when 1477775 is divided by 105.
5
What is the remainder when 8093 is divided by 8055?
38
What is the remainder when 2107029 is divided by 460?
229
Calculate the remainder when 745740 is divided by 1351.
1339
What is the remainder when 428587 is divided by 71429?
13
What is the remainder when 51114576 is divided by 935?
931
What is the remainder when 77334 is divided by 450?
384
Calculate the remainder when 1678756 is divided by 129133.
27
Calculate the remainder when 29849 is divided by 1419.
50
What is the remainder when 2864642 is divided by 716144?
66
Calculate the remainder when 8459 is divided by 182.
87
Calculate the remainder when 668671 is divided by 222465.
1276
Calculate the remainder when 112808705 is divided by 3.
2
What is the remainder when 469220 is divided by 32?
4
What is the remainder when 348587 is divided by 115?
22
What is the remainder when 1110997 is divided by 2841?
166
Calculate the remainder when 145286 is divided by 5568.
518
Calculate the remainder when 159035106 is divided by 65.
61
What is the remainder when 1637109 is divided by 5805?
99
What is the remainder when 48636 is divided by 5541?
4308
Calculate the remainder when 103834 is divided by 4506.
196
Calculate the remainder when 7155451 is divided by 10.
1
What is the remainder when 916507 is divided by 38181?
163
What is the remainder when 20010 is divided by 3003?
1992
What is the remainder when 589639 is divided by 85?
79
Calculate the remainder when 23543126 is divided by 293.
283
What is the remainder when 515428 is divided by 103084?
8
Calculate the remainder when 1753416 is divided by 13183.
77
Calculate the remainder when 3252191 is divided by 361337.
158
What is the remainder when 6768950 is divided by 20450?
0
Calculate the remainder when 253521 is divided by 126630.
261
Calculate the remainder when 56989 is divided by 11337.
304
Calculate the remainder when 3783400 is divided by 274.
8
Calculate the remainder when 67605 is divided by 967.
882
What is the remainder when 59802 is divided by 9944?
138
Calculate the remainder when 20167335 is divided by 1660.
1655
Calculate the remainder when 19544832 is divided by 2171647.
9
Calculate the remainder when 16179417 is divided by 205.
202
What is the remainder when 1650484 is divided by 4355?
4294
What is the remainder when 11590690 is divided by 1287854?
4
Calculate the remainder when 22486 is divided by 5487.
538
Calculate the remainder when 1767958 is divided by 3794.
3748
Calculate the remainder when 614509 is divided by 14928.
2461
Calculate the remainder when 4035359 is divided by 1345090.
89
Calculate the remainder when 18958420 is divided by 14.
12
What is the remainder when 122267373 is divided by 5?
3
What is the remainder when 890999 is divided by 839?
820
What is the remainder when 24574248 is divided by 945163?
10
What is the remainder when 2855341 is divided by 3?
1
What is the remainder when 682854 is divided by 18948?
726
Calculate the remainder when 104241 is divided by 50630.
2981
What is the remainder when 552220 is divided by 552209?
11
What is the remainder when 357857 is divided by 207?
161
What is the remainder when 16182267 is divided by 279?
267
What is the remainder when 35499 is divided by 2786?
2067
What is the remainder when 1507403 is divided by 20649?
26
What is the remainder when 90359 is divided by 89607?
752
Calculate the remainder when 18510556 is divided by 9255275.
6
Calculate the remainder when